{"id":59,"date":"2017-10-17T10:00:15","date_gmt":"2017-10-17T10:00:15","guid":{"rendered":"http:\/\/kinderkulturwerk.de\/?page_id=59"},"modified":"2025-12-12T06:54:25","modified_gmt":"2025-12-12T06:54:25","slug":"kindergeburtstage","status":"publish","type":"page","link":"https:\/\/kinderkulturwerk.de\/?page_id=59","title":{"rendered":"Kindergeburtstage"},"content":{"rendered":"\n<figure class=\"wp-block-gallery has-nested-images columns-default is-cropped wp-block-gallery-1 is-layout-flex\">\n<figure class=\"wp-block-image\"><img decoding=\"async\" loading=\"lazy\" width=\"1024\" height=\"768\" data-id=\"355\"  src=\"http:\/\/kinderkulturwerk.de\/wp-content\/uploads\/2022\/03\/IMG_3132-1024x768.jpg\" alt=\"\" class=\"wp-image-355\" srcset=\"https:\/\/kinderkulturwerk.de\/wp-content\/uploads\/2022\/03\/IMG_3132-1024x768.jpg 1024w, https:\/\/kinderkulturwerk.de\/wp-content\/uploads\/2022\/03\/IMG_3132-300x225.jpg 300w, https:\/\/kinderkulturwerk.de\/wp-content\/uploads\/2022\/03\/IMG_3132-768x576.jpg 768w, https:\/\/kinderkulturwerk.de\/wp-content\/uploads\/2022\/03\/IMG_3132.jpg 1632w\" sizes=\"(max-width: 767px) 89vw, (max-width: 1000px) 54vw, (max-width: 1071px) 543px, 580px\" \/><\/figure>\n\n\n\n<figure class=\"wp-block-image\"><img decoding=\"async\" loading=\"lazy\" width=\"1024\" height=\"768\" data-id=\"356\"  src=\"http:\/\/kinderkulturwerk.de\/wp-content\/uploads\/2022\/03\/IMG_3132-1-1024x768.jpg\" alt=\"\" class=\"wp-image-356\" srcset=\"https:\/\/kinderkulturwerk.de\/wp-content\/uploads\/2022\/03\/IMG_3132-1-1024x768.jpg 1024w, https:\/\/kinderkulturwerk.de\/wp-content\/uploads\/2022\/03\/IMG_3132-1-300x225.jpg 300w, https:\/\/kinderkulturwerk.de\/wp-content\/uploads\/2022\/03\/IMG_3132-1-768x576.jpg 768w, https:\/\/kinderkulturwerk.de\/wp-content\/uploads\/2022\/03\/IMG_3132-1.jpg 1632w\" sizes=\"(max-width: 767px) 89vw, (max-width: 1000px) 54vw, (max-width: 1071px) 543px, 580px\" \/><\/figure>\n<\/figure>\n\n\n<h4><span style=\"color: #ff6600;\"><strong>Kreative Geburtstagsfeier im Glockenbachviertel:<\/strong><\/span><span data-offset-key=\"fmqeh-0-0\"><br \/><\/span><\/h4>\n<p>T\u00f6pfern, Filzen oder auch Seifen selbst herstellen &#8211; Bis zu 3 Stunden (je nach Alter der Kinder) kann hier kreativ gewerkelt werden. Wir feiern vorzugsweise am Wochenende &#8211; mit einer kleinen Kuchenpause (und evtl. Geschenke \u00f6ffnen) zwischendurch. Kuchen, Muffins, Getr\u00e4nke u.s.w. k\u00f6nnen selbst mitgebracht werden.<\/p>\n<p>Der Kindergeburtstag findet hier statt:<\/p>\n<p>Holzstr. 17<\/p>\n<p>80469 M\u00fcnchen<\/p>\n<p><strong>Kosten<\/strong>:<br \/>Bis 8 Kinder \u20ac 150,-, jedes weitere Kind\u00a0 \u20ac 15,-.<\/p>\n<p><span class=\"text_exposed\" data-sigil=\"expose\"><span class=\"text_exposed_show\">Zzgl. Material \u20ac 3,- pro Kind.<br \/><\/span><\/span><\/p>\n<p class=\"p1\"><span style=\"color: #ff6600;\"><strong>Kreative Themen:<\/strong><\/span><\/p>\n<ul>\n<li class=\"p1\"><strong>Werken mit Ton<\/strong>, nach der Pause kann alles mit Engobe bemalt werden. Brennen m\u00f6glich.<\/li>\n<\/ul>\n<p><img decoding=\"async\" loading=\"lazy\" class=\"size-medium wp-image-361 aligncenter\" src=\"http:\/\/kinderkulturwerk.de\/wp-content\/uploads\/2022\/03\/IMG_3132-4-300x225.jpg\" alt=\"\" width=\"300\" height=\"225\" srcset=\"https:\/\/kinderkulturwerk.de\/wp-content\/uploads\/2022\/03\/IMG_3132-4-300x225.jpg 300w, https:\/\/kinderkulturwerk.de\/wp-content\/uploads\/2022\/03\/IMG_3132-4-768x576.jpg 768w, https:\/\/kinderkulturwerk.de\/wp-content\/uploads\/2022\/03\/IMG_3132-4-1024x768.jpg 1024w, https:\/\/kinderkulturwerk.de\/wp-content\/uploads\/2022\/03\/IMG_3132-4.jpg 1632w\" sizes=\"(max-width: 300px) 100vw, 300px\" \/><\/p>\n<p>\u00a0<\/p>\n<ul>\n<li><strong>Wir erkunden das Material Ton<\/strong>, bauen z. B. kleine Inseln, versch\u00f6nern diese mit Muscheln, Federn und kleinen Steinen, und am Ende, nach einer Kuchenpause, kann alles bunt angemalt werden. Die Werke werden nicht gebrannt, sind damit zwar nicht so lange haltbar, k\u00f6nnen daf\u00fcr aber gleich mitgenommen werden.<\/li>\n<\/ul>\n<p><img decoding=\"async\" loading=\"lazy\" class=\"aligncenter size-medium wp-image-184\" src=\"http:\/\/kinderkulturwerk.de\/wp-content\/uploads\/2019\/07\/IMG_2800-300x225.jpg\" alt=\"\" width=\"300\" height=\"225\" srcset=\"https:\/\/kinderkulturwerk.de\/wp-content\/uploads\/2019\/07\/IMG_2800-300x225.jpg 300w, https:\/\/kinderkulturwerk.de\/wp-content\/uploads\/2019\/07\/IMG_2800.jpg 640w\" sizes=\"(max-width: 300px) 100vw, 300px\" \/><\/p>\n<p>\u00a0<\/p>\n<ul>\n<li class=\"p1\"><strong>Seifenwerkstatt<\/strong> (selbst gemachte Seifen und Badeperlen)<\/li>\n<\/ul>\n<p><img decoding=\"async\" loading=\"lazy\" class=\"size-medium wp-image-64 aligncenter\" src=\"http:\/\/kinderkulturwerk.de\/wp-content\/uploads\/2017\/10\/seife-200x300.jpeg\" alt=\"\" width=\"200\" height=\"300\" srcset=\"https:\/\/kinderkulturwerk.de\/wp-content\/uploads\/2017\/10\/seife-200x300.jpeg 200w, https:\/\/kinderkulturwerk.de\/wp-content\/uploads\/2017\/10\/seife.jpeg 213w\" sizes=\"(max-width: 200px) 100vw, 200px\" \/><\/p>\n<p>\u00a0<\/p>\n<ul>\n<li class=\"p1\"><strong>Traumf\u00e4nger<\/strong> aus Peddigrohr, verschiedenen Perlen, Muscheln, Federn, &#8230;<\/li>\n<\/ul>\n<p><img decoding=\"async\" loading=\"lazy\" class=\"aligncenter size-medium wp-image-63\" src=\"http:\/\/kinderkulturwerk.de\/wp-content\/uploads\/2017\/10\/traumf\u00e4nger-300x225.jpg\" alt=\"\" width=\"300\" height=\"225\" \/><\/p>\n<p>\u00a0<\/p>\n<ul>\n<li class=\"p1\"><strong>Schmuckwerkstatt<\/strong>, wir filzen bunte Perlen und machen daraus Ketten, Armb\u00e4nder,Schl\u00fcsselanh\u00e4nger, Ohrringe in Verbindung mit Holz-, Rocaille- und Glasperlen<\/li>\n<\/ul>\n<p><img decoding=\"async\" loading=\"lazy\" class=\"aligncenter size-medium wp-image-65\" src=\"http:\/\/kinderkulturwerk.de\/wp-content\/uploads\/2017\/10\/schl\u00fcssel-trifft-schnecke-225x300.jpg\" alt=\"\" width=\"225\" height=\"300\" \/><\/p>\n<p>\u00a0<\/p>\n<ul>\n<li><span style=\"line-height: inherit; font-size: 1rem;\"><strong>Filzen<\/strong> von kleinen Schatzbeuteln, bu<\/span><span style=\"line-height: inherit; font-size: 1rem;\">nten B\u00e4llen, Sitzkissen, oder Phantasiebildern (mit an<\/span><span style=\"line-height: inherit; font-size: 1rem;\">schlie\u00dfendem\u00a0<\/span><span style=\"line-height: inherit; font-size: 1rem;\">Dosenwerfen (nat\u00fcrlich gleich mit den selbst gefilzten B\u00e4llen)<\/span><\/li>\n<\/ul>\n<p><img decoding=\"async\" loading=\"lazy\" class=\"aligncenter size-medium wp-image-62\" src=\"http:\/\/kinderkulturwerk.de\/wp-content\/uploads\/2017\/10\/sitzkissen-230x300.jpg\" alt=\"\" width=\"230\" height=\"300\" srcset=\"https:\/\/kinderkulturwerk.de\/wp-content\/uploads\/2017\/10\/sitzkissen-230x300.jpg 230w, https:\/\/kinderkulturwerk.de\/wp-content\/uploads\/2017\/10\/sitzkissen-768x1003.jpg 768w, https:\/\/kinderkulturwerk.de\/wp-content\/uploads\/2017\/10\/sitzkissen-784x1024.jpg 784w, https:\/\/kinderkulturwerk.de\/wp-content\/uploads\/2017\/10\/sitzkissen.jpg 1922w\" sizes=\"(max-width: 230px) 100vw, 230px\" \/><\/p>\n<p>\u00a0<\/p>\n<ul>\n<li class=\"p1\"><strong>Papiersch\u00f6pfen <\/strong>u.a. mit Bl\u00fcten, Konfetti, Glitzerf\u00e4den, &#8230; (max. 8 Kinder)<\/li>\n<\/ul>\n<p><img decoding=\"async\" loading=\"lazy\" class=\"size-medium wp-image-115 aligncenter\" src=\"http:\/\/kinderkulturwerk.de\/wp-content\/uploads\/2017\/10\/papiersch\u00f6pfen-1-225x300.jpg\" alt=\"\" width=\"225\" height=\"300\" \/><\/p>\n<p>\u00a0<\/p>\n<p>\u00a0<\/p>\n<p>\u00a0<\/p>\n<p><strong style=\"font-size: revert;\">Weitere Infos bei Mia Kaiser:<\/strong><\/p>\n<p>per E-Mail: post@kinderkulturwerk.de<\/p>\n<p>oder telefonisch:<br \/>089 &#8211; 622 320 53<br \/>0177 &#8211; 834 06 07<\/p>\n\n\n<figure class=\"wp-block-gallery has-nested-images columns-default is-cropped wp-block-gallery-3 is-layout-flex\"><\/figure>\n","protected":false},"excerpt":{"rendered":"<p>Kreative Geburtstagsfeier im Glockenbachviertel: T\u00f6pfern, Filzen oder auch Seifen selbst herstellen &#8211; Bis zu 3 Stunden (je nach Alter der Kinder) kann hier kreativ gewerkelt werden. Wir feiern vorzugsweise am Wochenende &#8211; mit einer kleinen Kuchenpause (und evtl. Geschenke \u00f6ffnen) zwischendurch. Kuchen, Muffins, Getr\u00e4nke u.s.w. k\u00f6nnen selbst mitgebracht werden. Der Kindergeburtstag findet hier statt: Holzstr. &hellip; <\/p>\n<p class=\"link-more\"><a href=\"https:\/\/kinderkulturwerk.de\/?page_id=59\" class=\"more-link\"><span class=\"screen-reader-text\">\u201eKindergeburtstage\u201c<\/span> weiterlesen<\/a><\/p>\n","protected":false},"author":1,"featured_media":0,"parent":0,"menu_order":0,"comment_status":"closed","ping_status":"closed","template":"","meta":[],"_links":{"self":[{"href":"https:\/\/kinderkulturwerk.de\/index.php?rest_route=\/wp\/v2\/pages\/59"}],"collection":[{"href":"https:\/\/kinderkulturwerk.de\/index.php?rest_route=\/wp\/v2\/pages"}],"about":[{"href":"https:\/\/kinderkulturwerk.de\/index.php?rest_route=\/wp\/v2\/types\/page"}],"author":[{"embeddable":true,"href":"https:\/\/kinderkulturwerk.de\/index.php?rest_route=\/wp\/v2\/users\/1"}],"replies":[{"embeddable":true,"href":"https:\/\/kinderkulturwerk.de\/index.php?rest_route=%2Fwp%2Fv2%2Fcomments&post=59"}],"version-history":[{"count":49,"href":"https:\/\/kinderkulturwerk.de\/index.php?rest_route=\/wp\/v2\/pages\/59\/revisions"}],"predecessor-version":[{"id":394,"href":"https:\/\/kinderkulturwerk.de\/index.php?rest_route=\/wp\/v2\/pages\/59\/revisions\/394"}],"wp:attachment":[{"href":"https:\/\/kinderkulturwerk.de\/index.php?rest_route=%2Fwp%2Fv2%2Fmedia&parent=59"}],"curies":[{"name":"wp","href":"https:\/\/api.w.org\/{rel}","templated":true}]}}